c**3 + 12*c**2 + 17*c - 54. Calculate n(13).
-2
Let o(l) = -8*l**2 + 26*l - 13. What is o(5)?
-83
Let w(k) = 2631*k - 7891. What is w(3)?
2
Let h(j) = 642*j + 8986. What is h(-14)?
-2
Let p(l) = -164*l - 1473. Give p(-9).
3
Let s(x) = -15*x**2 - 12*x - 68. Determine s(-4).
-260
Let n(j) = 2*j**2 + 76*j + 503. What is n(-8)?
23
Let a(c) = c**3 - 11*c**2 - 162*c + 1794. What is a(13)?
26
Let j(m) = 3*m**2 + 257*m - 3958. Give j(-99).
2
Let s(j) = -4*j**2 - 157*j - 664. What is s(-5)?
21
Let c(u) = -61*u - 704. Calculate c(-11).
-33
Let w(u) = 17*u**3 + 5*u**2 + 18*u - 33. Calculate w(3).
525
Let p(b) = -5*b**3 - 2*b**2 - 30*b - 61. Give p(-2).
31
Let s(a) = -a**3 - 50*a**2 - 571*a + 142. What is s(-32)?
-18
Let x(w) = 32*w - 14. Give x(10).
306
Let j(z) = 1894*z - 15146. Give j(8).
6
Let q(z) = -2*z**3 + 14*z**2 - 45*z + 90. What is q(4)?
6
Let l(m) = 3*m**3 + 18*m**2 + 8*m - 23. Give l(-5).
12
Let p(t) = -7*t**2 + 5*t + 21. What is p(-3)?
-57
Let v(c) = 41*c - 52. Give v(15).
563
Let d(f) = -2*f**3 - 4*f**2 + 15*f + 1. Calculate d(-4).
5
Let j(m) = -m**3 - 9*m**2 + 196*m + 1638. What is j(-8)?
6
Let w(d) = -d**3 + 32*d**2 + 365*d - 20. Give w(-9).
16
Let i(y) = 452*y - 3154. What is i(7)?
10
Let u(o) = o**2 - 14*o - 392. Determine u(27).
-41
Let s(r) = r**3 + 173*r**2 - 532*r - 710. Determine s(-176).
-6
Let b(k) = -42*k + 720. Calculate b(18).
-36
Let f(k) = -k**3 - 7*k**2 + 32*k + 179. Give f(-8).
-13
Let o(a) = -2*a + 59. Give o(-28).
115
Let b(s) = -s**2 - 31*s - 15. Give b(-10).
195
Let y(n) = 30*n**2 - 528*n + 1520. Determine y(14).
8
Let n(d) = -4907*d + 24522. What is n(5)?
-13
Let o(m) = -m**2 + 8443*m - 42200. What is o(5)?
-10
Let c(w) = 569*w + 10817. Calculate c(-19).
6
Let g(y) = y**2 - 315*y + 6441. Calculate g(22).
-5
Let a(p) = p**2 - 19*p + 100. Determine a(13).
22
Let b(w) = 2227*w**2 - 4451*w. Calculate b(2).
6
Let m(g) = -g**3 + 20*g**2 + 35*g - 239. Determine m(21).
55
Let j(m) = -92*m**2 - 360*m - 14. What is j(-4)?
-46
Let u(p) = 6*p - 87. Give u(18).
21
Let w(a) = 32*a + 1240. Calculate w(-39).
-8
Let t(p) = 322*p - 5724. What is t(18)?
72
Let g(p) = p**2 + 190*p + 2563. Calculate g(-15).
-62
Let n(d) = 60*d - 402. Give n(7).
18
Let z(i) = -891*i - 7116. Determine z(-8).
12
Let l(u) = -u**3 - 13*u**2 - 41*u + 7. Give l(-8).
15
Let c(y) = 2*y - 157. Determine c(38).
-81
Let n(k) = 2*k**2 + 29*k - 23. Calculate n(-15).
-8
Let m(j) = -15*j + 319. Give m(21).
4
Let i(s) = -53*s + 217. Give i(5).
-48
Let t(u) = 27*u + 864. Determine t(-32).
0
Let h(v) = -83*v**2 - 1669*v - 184. Give h(-20).
-4
Let t(x) = -16*x**2 + 97*x - 96. What is t(1)?
-15
Let b(m) = -m**2 - 31*m - 220. Give b(-11).
0
Let z(f) = f**2 - 1772*f - 21391. What is z(-12)?
17
Let s(k) = k**2 - 56*k - 1368. What is s(75)?
57
Let u(d) = d**2 - 57*d + 468. What is u(52)?
208
Let g(d) = 27*d**2 + 1270*d + 44. Calculate g(-47).
-3
Let f(i) = i**3 + 86*i**2 + 1113*i - 117. Give f(-16).
-5
Let r(b) = -15240*b - 381006. What is r(-25)?
-6
Let g(z) = -227*z - 2835. What is g(-13)?
116
Let s(r) = 27*r**2 + 33*r - 7. Determine s(-2).
35
Let i(p) = 201*p - 481. Determine i(4).
323
Let p(z) = -z**3 + 7*z**2 - 4*z + 29. Determine p(7).
1
Let m(v) = -9*v + 477. Determine m(41).
108
Let b(n) = 11*n + 234. Determine b(-7).
157
Let s(f) = 2*f**2 - 21*f + 119. Calculate s(-12).
659
Let n(u) = -3*u**2 + 245*u - 3398. Give n(64).
-6
Let n(z) = -29*z - 292. Determine n(-9).
-31
Let b(a) = 846*a + 115903. Calculate b(-137).
1
Let p(z) = z**3 - 52*z**2 + 55*z - 430. Give p(51).
-226
Let m(r) = -13*r**2 - 1142*r - 7. What is m(0)?
-7
Let f(a) = 613*a + 3059. Calculate f(-5).
-6
Let g(l) = 72*l + 3997. What is g(-55)?
37
Let t(y) = -y**3 - 21*y**2 - 61*y - 813. Give t(-20).
7
Let r(i) = 25*i**2 + 451*i + 26. Give r(-18).
8
Let m(o) = -322*o + 1039. Calculate m(3).
73
Let a(x) = 5*x**2 - 362*x - 215. What is a(73)?
4
Let b(p) = 3*p**2 - 68*p + 59. Determine b(21).
-46
Let r(k) = 15*k**2 + 340*k - 89. What is r(-23)?
26
Let q(z) = -77*z**3 - 4. Calculate q(-2).
612
Let x(f) = -7*f**3 - 6*f**2 + 11*f - 2. Calculate x(1).
-4
Let a(z) = 15*z**3 - 9*z**2 - 279*z - 269. What is a(-1)?
-14
Let n(p) = -p**3 + 7*p**2 + 84*p - 567. Give n(6).
-27
Let f(o) = 7*o + 9. What is f(-1)?
2
Let h(u) = -u**3 + 25*u**2 - 167*u + 744. Calculate h(18).
6
Let j(p) = p**2 - 460*p + 26279. Give j(67).
-52
Let y(m) = 3*m**3 + 115*m**2 + 39*m + 17. Determine y(-38).
-21
Let z(c) = -388*c + 1162. Calculate z(3).
-2
Let m(l) = -l - 30. Calculate m(-59).
29
Let q(t) = -t**2 + 11*t + 346. What is q(25)?
-4
Let b(w) = -259*w - 3338. Calculate b(-13).
29
Let o(d) = -d**3 + 64*d**2 - 397*d - 349. Give o(57).
-235
Let x(h) = 2*h**2 - 148*h + 2704. Determine x(34).
-16
Let f(l) = -57*l**2 - 180*l - 27. Calculate f(-3).
0
Let s(w) = -2*w**3 + 28*w**2 + 3*w - 31. What is s(14)?
11
Let r(q) = -44*q + 208. What is r(4)?
32
Let l(h) = -6950*h + 48650. What is l(7)?
0
Let l(q) = -8*q**2 + 2105*q - 4438. What is l(261)?
-1
Let w(r) = -38*r + 616. Calculate w(16).
8
Let c(h) = -1126*h - 1122. Calculate c(-1).
4
Let s(y) = -y**3 - 50*y - 51. What is s(-1)?
0
Let a(d) = -48*d - 233. Determine a(10).
-713
Let p(m) = -6*m**3 - 508*m**2 - 345*m - 752. Determine p(-84).
4
Let t(p) = 9*p**2 - 760*p + 332. Give t(84).
-4
Let s(j) = 5*j**3 + 6*j**2 - 13*j + 6. What is s(4)?
370
Let d(h) = 5*h**2 + 64*h - 54. Calculate d(-15).
111
Let g(r) = r**3 - 30*r**2 - 35*r - 14. Determine g(31).
-138
Let x(l) = -390*l + 49919. Give x(128).
-1
Let x(l) = l**3 + 47*l**2 - 12*l - 534. What is x(-47)?
30
Let k(y) = -y**3 + 19*y**2 - 43. Calculate k(19).
-43
Let d(v) = v**3 + 16*v**2 + 14*v - 10. Calculate d(-2).
18
Let z(b) = b**3 + 64*b**2 + 128*b + 262. Determine z(-62).
14
Let b(y) = 7*y**2 + 631*y + 74. Determine b(-90).
-16
Let o(v) = 2*v**2 - 151*v + 103. What is o(77)?
334
Let y(j) = -1061*j - 3175. What is y(-3)?
8
Let h(k) = -k**3 - 8*k**2 + 23*k + 34. Calculate h(-10).
4
Let v(b) = -729*b**2 + 59*b + 59. Give v(-1).
-729
Let f(b) = 2*b**3 - 24*b - 27. Determine f(4).
5
Let a(n) = -n**3 + 5*n**2 - 16*n + 119. What is a(6)?
-13
Let w(q) = -6*q + 6. Calculate w(-4).
30
Let v(k) = -56*k + 226. What is v(4)?
2
Let g(l) = -l**3 - 13*l**2 + 6*l - 82. Calculate g(-14).
30
Let q(z) = 1624*z + 38971. Give q(-24).
-5
Let r(g) = -g**2 - 85*g - 1629. Calculate r(-29).
-5
Let s(i) = -278*i + 8091. Calculate s(29).
29
Let h(t) = 131*t + 2994. Determine h(-24).
-150
Let r(c) = 3*c + 26. Give r(2).
32
Let r(c) = -c**3 + 10*c**2 + 20*c + 47. What is r(12)?
-1
Let b(p) = -2*p**3 + 114*p**2 + 128*p - 333. Calculate b(58).
363
Let r(z) = -4*z**2 - 359*z + 833. Calculate r(-92).
5
Let g(b) = b**2 + 285*b + 6279. Determine g(-261).
15
Let j(b) = b**3 + 10*b**2 - 75*b - 721. Determine j(-8).
7
Let w(q) = -q**2 - 132*q - 4163. Calculate w(-52).
-3
Let r(k) = 13*k**2 - 117*k + 183. Calculate r(2).
1
Let u(q) = -62*q - 115. Determine u(-2).
9
Let v(f) = -8*f**2 - 46*f - 9. Determine v(-7).
-79
Let g(p) = 535*p - 21926. Determine g(41).
9
Let b(o) = 2*o**2 + 31*o - 234. What is b(-21)?
-3
Let w(m) = -77*m - 405. What is w(-5)?
-20
Let w(j) = 3*j**2 + 27*j + 44. Calculate w(-8).
20
Let v(c) = c**3 + 12*c**2 - 27. Give v(-14).
-419
Let n(o) = 2*o**3 - 8*o**2 - 14*o + 152. Determine n(8).
552
Let g(m) = 90*m - 2873. Calculate g(32).
7
Let p(j) = j**2 - 31*j + 1. Give p(0).
1
Let u(j) = -391*j + 44945. What is u(115)?
-20
Let v(p) = -3*p**2 + 55*p - 211. Give v(12).
17
Let s(b) = -b**2 + 31*b - 57. Determine s(23).
127
Let f(b) = -b**3 + 2*b**2 - 12. What is f(0)?
-12
Let r(f) = -3*f**2 - 79*f + 56. Give r(-27).
2
Let d(v) = 19637*v + 58900. Determine d(-3).
-11
Let i(d) = 98*d + 502. What is i(-7)?
-184
Let v(x) = 3*x**3 + 44*x**2 + 101*x + 1748. What is v(-15)?
8
Let y(g) = -3*g**2 + 46*g - 164. Give y(4).
-28
Let d(r) = -r**3 - 93*r**2 + 83*r - 1042. Give d(-94).
-8
Let w(p) = -p**3 + 10*p**2 + 14*p + 1329. What is w(16)?
17
Let m(r) = r**3 + 23*r**2 + 51*r - 170. Determine m(-20).
10
Let o(r) = -9520*r + 47598. Determine o(5).
-2
Let v(w) = w**2 + 12*w + 100. What is v(-21)?
289
Let p(g) = 72*g + 153. Give p(-6).
-279
Let m(a) = 4*a**2 + 28*a + 55. Determine m(-3).
7
Let x(n) = 3*n**3 + 3*n**2 - 7*n + 3. What is x(2)?
25
Let p(n) = 87*n - 32. What is p(-3)?
-293
Let